 - 9. Let r be n(-5). Calculate the highest common factor of r and c.
31
Let n(k) = 2*k**2 + 47*k - 45. Let d be n(-24). Let f(g) = 7*g + 155. Let v be f(d). Calculate the greatest common divisor of v and 32.
8
Let z be ((-255)/10)/((117/66)/(-13)). Calculate the greatest common factor of z and 17.
17
Let s(o) = -17*o**3 - 50*o**2 - 15*o - 36. Let i be s(-8). What is the highest common divisor of 44 and i?
44
Suppose -57*h = -69*h + 1680. Calculate the highest common divisor of h and 2716.
28
Let d be ((-29260)/30)/(-11)*9*2/21. Calculate the highest common divisor of 171 and d.
19
Let l(h) = h**3 + 2*h**2 - 21*h - 2. Let x be l(-6). Let a be x/(5 + -9) + 195. Suppose 4*f = f + 75. What is the greatest common divisor of a and f?
25
Let y = -266 + 272. Suppose -4 + y = 2*h. What is the highest common divisor of h and 1?
1
Suppose 6*n - 9*n + 11768 = 2*i, -2*n + 2*i = -7852. Let d be (-9)/((-567)/n) + 4/(-14). What is the greatest common factor of 155 and d?
31
Let g = 21 + 2. Let y be (-3104)/(-128) - (1 + 1 + 6/(-8)). Calculate the highest common factor of g and y.
23
Suppose 0 = t - 0*t + 3, 4*a - 253 = 3*t. Let m(o) = 22*o**2 - o + 1. Let j be m(2). Let y = j - a. Calculate the highest common divisor of y and 104.
26
Let p be (-3 - -9)*4/8. Suppose 5*j = p*t + 106 + 23, -5*j + 123 = -t. What is the highest common factor of j and 40?
8
Let d(t) = -23*t + 575. Let n be d(-7). Calculate the highest common divisor of n and 1058.
46
Let f(d) = d**2 + d - 14. Let a be f(4). Suppose -5*u + 26 = a. What is the greatest common factor of u and 116?
4
Let n = 531 + -498. Suppose -2*r + 1 - 3 = 0. Let o(m) = -231*m. Let a be o(r). Calculate the greatest common factor of a and n.
33
Let l = 331 + -331. Suppose -2*m + 4*t + 156 = l, 4*m - 25 = 4*t + 307. Let d be 2/(-7) + (-116)/(-14). What is the greatest common divisor of m and d?
8
Let i(m) = m**2 - 38*m + 105. Let f be i(35). Suppose -5*k = -4*g - 2010, -3*g + 15 + f = 0. Calculate the greatest common divisor of k and 29.
29
Let k(u) = 4*u**3 - 2*u**2 - 4*u + 2. Let m be k(4). Suppose 0 = 5764*h - 5804*h + 4760. Let c = m - h. What is the greatest common factor of 13 and c?
13
Let o = -80 + 112. Suppose -9*t = -8*t - o. What is the greatest common factor of 160 and t?
32
Suppose 5*s = 169 - 9. Let w = 419 - 415. Suppose 0 = w*v - 14 - 2. Calculate the highest common factor of v and s.
4
Let y = -82 - -48. Suppose -3*p + 148 = 4*c - 4*p, c - 37 = -5*p. Let q = c + y. Calculate the highest common divisor of 24 and q.
3
Suppose 4*t - 6*t + 60 = 0. Let f(m) = -5 + 4 - t*m**3 + 2*m**2 + 61*m**3. Let q be f(1). Calculate the highest common factor of 4 and q.
4
Suppose -2*g - 2 + 8 = 0. Let z be 2/((-6)/9) + 7. Let l(j) = -j**3 + 5*j**2 - 2*j - 2. Let o be l(z). Calculate the highest common factor of g and o.
3
Suppose -b - 84 = -3*b. Let f = 112 - 67. Let n = f + b. What is the highest common factor of 29 and n?
29
Let u = 96 - 227. Let y = -113 - u. What is the greatest common factor of y and 198?
18
Let i = 58 - 62. Let y = i + 106. Let s = -90 + y. Calculate the highest common divisor of s and 96.
12
Let m = 300 + -282. Suppose -26*d = -m*d - 5096. What is the greatest common factor of 49 and d?
49
Let x be (-112)/(-5) + (-20)/(-350)*-7. Calculate the greatest common factor of 62 and x.
2
Suppose -3*s - 54 = -3*k, -3*k - 5*s + 4*s + 54 = 0. Suppose 0 = 4*w + 2*q - 110, 57 = -0*w + 2*w + 3*q. What is the greatest common divisor of w and k?
9
Let p = 39105 + -38435. Calculate the greatest common divisor of 270 and p.
10
Let a be ((-24)/6 + -12)/2. Let y = 58 + a. Calculate the highest common divisor of y and 25.
25
Let j(z) = -z**3 + 14*z**2 - 25*z + 4. Let x be j(12). Let b = x + 12. Suppose 0*k + 2*f = k - 20, k = b*f + 16. What is the highest common factor of k and 240?
24
Let o(h) = 2*h - 1. Let x be o(9). Suppose -11*b - 891 = -5709. Suppose 0 = -2*a + b - 132. Calculate the greatest common factor of x and a.
17
Let m = 12 + -7. Suppose -731 = -5*q - 4*d, -q - 2*d = -m*d - 131. Let x be 18/48 - ((-2525)/40)/5. What is the highest common divisor of q and x?
13
Suppose 5*p + 4*f = -199 + 941, -2*p + 3*f + 283 = 0. Suppose -2*z + h = 3*z - p, z + h = 34. What is the greatest common factor of z and 20?
10
Let p = -75 - -419. Suppose -15*v + 191 = -454. What is the highest common factor of v and p?
43
Let i = 19 - 4. Suppose s - 5*w - 4 - 211 = 0, 5*s - 5*w - 995 = 0. Calculate the highest common factor of i and s.
15
Suppose -2 = -q + 5*f + 8, 13 = 2*q - 3*f. Let d(k) = 3*k**2 - k - 7. Let s be d(q). What is the greatest common factor of 9 and s?
9
Suppose -2*z = -3*z - 4*d + 299, -5*z + 1370 = -5*d. Suppose 4*b - 204 = -3*u + z, 4*u - 137 = -b. What is the highest common factor of 27 and b?
9
Suppose 208 = f - u + 177, -3*f + 85 = -2*u. Calculate the greatest common divisor of f and 18.
1
Suppose 4*x - 728 = 3*d, -2 = -9*x + 8*x. Let m = -204 - d. Calculate the greatest common factor of 9 and m.
9
Let g be (2/(-1) - 85/(-51))/(1/(-18)). Let j be ((-4)/10)/(10/(-150)). What is the greatest common divisor of g and j?
6
Let n(x) = x + 9. Suppose 5*q = -5*u + 40, -36 = -q - 3*q - 5*u. Let w be n(q). Suppose 63*i = 64*i - 104. Calculate the greatest common divisor of w and i.
13
Let y(i) = 4639*i - 255. Let n be y(1). Calculate the highest common factor of n and 64.
32
Let o(p) be the second derivative of p**5/5 - p**4/2 - p**3/6 + 2*p**2 + 2*p - 12. Let w be o(2). What is the highest common factor of 26 and w?
2
Suppose 0 = 3*s - 12*s + 18. Suppose 5*n - 20 = -4*u + 89, -n - 65 = -s*u. Calculate the highest common factor of 155 and u.
31
Let d = -9 - -15. Let y = -77 + -30. Let w = y + 131. What is the greatest common factor of d and w?
6
Suppose 0 = -0*h - h + 8. Let j = 104 + -59. Suppose 5*m + 18 = 3*t - j, 5*m = 4*t - 79. What is the highest common divisor of h and t?
8
Let c be -10*(-12 + 10 + 6/(-2)). Let m be (24/(-10))/((-6)/c). Let f = 110 + -30. What is the highest common divisor of m and f?
20
Let a(o) = -6*o**2 + 186*o + 50. Let u be a(31). Calculate the greatest common factor of 200 and u.
50
Let q = 443 + -283. Suppose 0 = -502*d + 510*d - 256. What is the highest common divisor of q and d?
32
Let a(l) = -l**2 + 13*l - 17. Let v be (-4)/8 + -38*(-2)/8. Let u be a(v). Calculate the greatest common factor of u and 323.
19
Suppose 2*j - 12 = -4*j. Suppose -z = f - 461, -2*z + 5*f = j*z - 1871. Calculate the greatest common divisor of z and 16.
16
Let d = -274 + 1294. Suppose -37*q = -34*q - 6. Suppose -3*g - 5*w = q*g - d, -3*g + 632 = -w. Calculate the highest common divisor of g and 19.
19
Let h = -1302 - -1874. Calculate the highest common factor of h and 704.
44
Suppose -2*s + 32*s - 4860 = 0. Calculate the highest common divisor of s and 144.
18
Let x(h) = -50*h + 254. Let t be x(5). Suppose 230 = 5*d + t*o, 13*o - 17*o = 20. Suppose 0*i = -5*i + 150. What is the highest common factor of d and i?
10
Suppose -3*q + 1 = -11, 2*g - 4*q = 58. Suppose -g + 50 = 13*i. Calculate the greatest common divisor of 5 and i.
1
Suppose -13*s = -8*s + 60. Let d(q) = -2*q + 1. Let l be d(s). Suppose -l + 1 = -4*n. What is the greatest common divisor of n and 9?
3
Let y(v) = 168*v + 108. Let c be y(4). Suppose -5*o + c = 560. Let d = 5 + 6. What is the highest common factor of o and d?
11
Let f(c) = -c**3 - 6*c**2 + 8*c + 16. Let o be f(-9). Let s = -184 + o. What is the greatest common factor of 33 and s?
3
Suppose 788 + 412 = 200*h. Let c(w) = w**3 + 5*w**2 - 7*w - 3. Let k be c(-6). Let l = k - -3. What is the highest common factor of l and h?
6
Let o = 59 - -28. Let u be 18/2268*21 + (-35)/(-6). Calculate the highest common divisor of o and u.
3
Let f = 742 - 742. Let w be (9 - (8 + 4)) + (f - -159). Calculate the greatest common divisor of 416 and w.
52
Let g = 52 + -48. Suppose 5*v + 18 = 4*p - 42, -2*p + g*v = -36. Let t(u) = 19*u**3 + 1. Let o be t(1). What is the highest common factor of p and o?
10
Let v(r) = 3 + 90*r - 4 + 0 - 132*r. Let y be v(-7). Suppose 0 = -d - 4*k + 317, -3*d + 2*k + 588 = -y. Calculate the greatest common factor of d and 27.
27
Suppose 12236 = 18*k - 21223 - 3963. Calculate the greatest common divisor of k and 756.
189
Let a(f) = -f + 5. Let b be a(-3). Suppose -57 = 31*